{"id":139,"date":"2025-09-03T17:08:11","date_gmt":"2025-09-03T17:08:11","guid":{"rendered":"http:\/\/Csabi"},"modified":"2025-09-03T17:14:52","modified_gmt":"2025-09-03T17:14:52","slug":"karbantartas","status":"publish","type":"page","link":"https:\/\/varazskep.hu\/index.php\/karbantartas\/","title":{"rendered":"Karbantart\u00e1s"},"content":{"rendered":"\t\t<div data-elementor-type=\"wp-page\" data-elementor-id=\"139\" class=\"elementor elementor-139\" data-elementor-post-type=\"page\">\n\t\t\t\t<div class=\"elementor-element elementor-element-6710ecba e-flex e-con-boxed e-con e-parent\" data-id=\"6710ecba\" data-element_type=\"container\">\n\t\t\t\t\t<div class=\"e-con-inner\">\n\t\t\t\t<div class=\"elementor-element elementor-element-27ac7bff elementor-widget elementor-widget-text-editor\" data-id=\"27ac7bff\" data-element_type=\"widget\" data-widget_type=\"text-editor.default\">\n\t\t\t\t\t\t\t\t\t\n<p class=\"has-text-align-center\">Kedves L\u00e1togat\u00f3ink!<\/p>\n\n<p class=\"has-text-align-center\">Weboldalunk jelenleg karbantart\u00e1s alatt \u00e1ll. <br \/>Azonban szeretn\u00e9nk felh\u00edvni figyelmeteket arra, hogy a rendel\u00e9sek feldolgoz\u00e1sa tov\u00e1bbra is zajlik. <br \/>A rendel\u00e9st lead\u00f3 fel\u00fclet \u00e1tmenetileg nem m\u0171k\u00f6dik, ez\u00e9rt k\u00e9rj\u00fck, hogy az:<br \/><a href=\"mailto:info.varazskep@gmail.com\">info.varazskep@gmail.com<\/a> e-mail c\u00edmre k\u00fcldd el megkeres\u00e9sedet. <br \/>Az \u00fczenetben k\u00e9rlek adj meg minden adatot ami sz\u00fcks\u00e9ges lehet a rendel\u00e9s kivitelez\u00e9s\u00e9hez,<br \/>valamint a neved \u00e9s telefonsz\u00e1mod.<\/p>\n\n<p class=\"has-text-align-center\">K\u00f6sz\u00f6nj\u00fck a meg\u00e9rt\u00e9st \u00e9s a t\u00fcrelmet, hamarosan \u00fajra el\u00e9rhet\u0151 lesz a weboldalunk.<\/p>\n\n<p class=\"has-text-align-center\">\u00dcdv\u00f6zlettel, <br \/>A Var\u00e1zs-k\u00e9p csapata<\/p>\n\t\t\t\t\t\t\t\t<\/div>\n\t\t\t\t\t<\/div>\n\t\t\t\t<\/div>\n\t\t\t\t<\/div>\n\t\t","protected":false},"excerpt":{"rendered":"<p>Kedves L\u00e1togat\u00f3ink! Weboldalunk jelenleg karbantart\u00e1s alatt \u00e1ll. Azonban szeretn\u00e9nk felh\u00edvni figyelmeteket arra, hogy a rendel\u00e9sek feldolgoz\u00e1sa tov\u00e1bbra is zajlik. A rendel\u00e9st lead\u00f3 fel\u00fclet \u00e1tmenetileg nem m\u0171k\u00f6dik, ez\u00e9rt k\u00e9rj\u00fck, hogy az:info.varazskep@gmail.com e-mail c\u00edmre k\u00fcldd el megkeres\u00e9sedet. Az \u00fczenetben k\u00e9rlek adj meg minden adatot ami sz\u00fcks\u00e9ges lehet a rendel\u00e9s kivitelez\u00e9s\u00e9hez,valamint a neved \u00e9s telefonsz\u00e1mod. K\u00f6sz\u00f6nj\u00fck a meg\u00e9rt\u00e9st [&hellip;]<\/p>\n","protected":false},"author":1,"featured_media":0,"parent":0,"menu_order":0,"comment_status":"closed","ping_status":"closed","template":"elementor_canvas","meta":{"footnotes":""},"class_list":["post-139","page","type-page","status-publish","hentry"],"_links":{"self":[{"href":"https:\/\/varazskep.hu\/index.php\/wp-json\/wp\/v2\/pages\/139","targetHints":{"allow":["GET"]}}],"collection":[{"href":"https:\/\/varazskep.hu\/index.php\/wp-json\/wp\/v2\/pages"}],"about":[{"href":"https:\/\/varazskep.hu\/index.php\/wp-json\/wp\/v2\/types\/page"}],"author":[{"embeddable":true,"href":"https:\/\/varazskep.hu\/index.php\/wp-json\/wp\/v2\/users\/1"}],"replies":[{"embeddable":true,"href":"https:\/\/varazskep.hu\/index.php\/wp-json\/wp\/v2\/comments?post=139"}],"version-history":[{"count":13,"href":"https:\/\/varazskep.hu\/index.php\/wp-json\/wp\/v2\/pages\/139\/revisions"}],"predecessor-version":[{"id":254,"href":"https:\/\/varazskep.hu\/index.php\/wp-json\/wp\/v2\/pages\/139\/revisions\/254"}],"wp:attachment":[{"href":"https:\/\/varazskep.hu\/index.php\/wp-json\/wp\/v2\/media?parent=139"}],"curies":[{"name":"wp","href":"https:\/\/api.w.org\/{rel}","templated":true}]}}